{"id":103,"date":"2025-05-23T18:13:57","date_gmt":"2025-05-23T16:13:57","guid":{"rendered":"https:\/\/fast-track.epsi-wis.ovh\/anihouvi\/?page_id=103"},"modified":"2025-05-23T23:25:57","modified_gmt":"2025-05-23T21:25:57","slug":"abri-de-jardin-sur-mesure","status":"publish","type":"page","link":"https:\/\/fast-track.epsi-wis.ovh\/anihouvi\/abri-de-jardin-sur-mesure\/","title":{"rendered":"Abri de jardin sur mesure"},"content":{"rendered":"\n<p>Beosin d&rsquo;un espace de d\u00e9tente dans votre jardin ? Faites appel \u00e0<strong> <a href=\"https:\/\/batiev.com\/abri-de-jardin-realisations\/\">Betiev<\/a><\/strong>, expert de la construction en bois en Ile-de-France, pour concevoir un <strong>abri de jardin sur mesure<\/strong> adapt\u00e9 \u00e0 vos envies, \u00e0 votre terrain et \u00e0 votre style de vie.<\/p>\n\n\n\n<p><\/p>\n\n\n\n<h2 class=\"wp-block-heading has-vivid-green-cyan-color has-text-color has-link-color wp-elements-dad9343f9398593b76f55f0d95cbc8b9\"><strong>Nos services pour votre abri de jardin sur mesure :<\/strong><\/h2>\n\n\n\n<p>Chez Batiev, chaque abri est pens\u00e9 <strong>sur mesure<\/strong>, selon vos besoin :<\/p>\n\n\n\n<ul class=\"wp-block-list\">\n<li><strong>Abris de jardin<\/strong> traditionnels ou contemporains<\/li>\n\n\n\n<li><strong>Tonnelles et pergolas<\/strong> esth\u00e9tiques et fonctionnelles<\/li>\n\n\n\n<li><strong>Espaces de stockage<\/strong> s\u00e9curis\u00e9s et durables<\/li>\n\n\n\n<li><strong>Bureaux de jardin<\/strong> ou coins loisirs ext\u00e9rieurs <\/li>\n<\/ul>\n\n\n\n<p>Mat\u00e9riaux de qualit\u00e9, finitions soign\u00e9es, structure personnalis\u00e9e : votre abri devient un v\u00e9ritable atout pour votre maison.<\/p>\n\n\n\n<div class=\"wp-block-columns is-layout-flex wp-container-core-columns-is-layout-9d6595d7 wp-block-columns-is-layout-flex\">\n<div class=\"wp-block-column is-layout-flow wp-block-column-is-layout-flow\">\n<figure class=\"wp-block-image size-full\"><img fetchpriority=\"high\" decoding=\"async\" width=\"907\" height=\"605\" src=\"https:\/\/fast-track.epsi-wis.ovh\/anihouvi\/wp-content\/uploads\/2025\/05\/Ab-1-1.jpg\" alt=\"Abri de jardin sue mesure pour se reposer \" class=\"wp-image-106\" style=\"aspect-ratio:4\/3;object-fit:cover\" srcset=\"https:\/\/fast-track.epsi-wis.ovh\/anihouvi\/wp-content\/uploads\/2025\/05\/Ab-1-1.jpg 907w, https:\/\/fast-track.epsi-wis.ovh\/anihouvi\/wp-content\/uploads\/2025\/05\/Ab-1-1-450x300.jpg 450w, https:\/\/fast-track.epsi-wis.ovh\/anihouvi\/wp-content\/uploads\/2025\/05\/Ab-1-1-768x512.jpg 768w\" sizes=\"(max-width: 907px) 100vw, 907px\" \/><\/figure>\n<\/div>\n\n\n\n<div class=\"wp-block-column is-layout-flow wp-block-column-is-layout-flow\">\n<figure class=\"wp-block-image size-full\"><img decoding=\"async\" width=\"960\" height=\"717\" src=\"https:\/\/fast-track.epsi-wis.ovh\/anihouvi\/wp-content\/uploads\/2025\/05\/AB4.jpg\" alt=\"Abri de jardin sur mesure pour rangement. \" class=\"wp-image-108\" style=\"aspect-ratio:4\/3;object-fit:cover\" srcset=\"https:\/\/fast-track.epsi-wis.ovh\/anihouvi\/wp-content\/uploads\/2025\/05\/AB4.jpg 960w, https:\/\/fast-track.epsi-wis.ovh\/anihouvi\/wp-content\/uploads\/2025\/05\/AB4-402x300.jpg 402w, https:\/\/fast-track.epsi-wis.ovh\/anihouvi\/wp-content\/uploads\/2025\/05\/AB4-768x574.jpg 768w\" sizes=\"(max-width: 960px) 100vw, 960px\" \/><\/figure>\n<\/div>\n<\/div>\n\n\n\n<h3 class=\"wp-block-heading has-vivid-green-cyan-color has-text-color has-link-color wp-elements-5327ffef05ffdb91c6df32c5678a37cc\"><strong>Pourquoi choisir Batiev ?<\/strong><\/h3>\n\n\n\n<p>Nous cr\u00e9ons des <strong>abris de jardin<\/strong> <strong>sur mesure <\/strong>esth\u00e9tiques, durables et parfaitement int\u00e9gr\u00e9s \u00e0 votre environnement. <\/p>\n\n\n\n<ul class=\"wp-block-list\">\n<li>Fabrication artisanale sur mesure<\/li>\n\n\n\n<li>Intervention en Ile-de-France <\/li>\n\n\n\n<li>Equipe qualifi\u00e9e, service cl\u00e9 en main<\/li>\n\n\n\n<li>Choix des mat\u00e9riaux, coloris et finitions<\/li>\n\n\n\n<li>Structures robustes, durables et garanties<\/li>\n\n\n\n<li>Accompagnement personnalis\u00e9 \u00e0 chaque \u00e9tape <\/li>\n<\/ul>\n\n\n\n<center><figure class=\"wp-block-embed aligncenter is-type-video is-provider-youtube wp-block-embed-youtube wp-embed-aspect-16-9 wp-has-aspect-ratio\"><div class=\"wp-block-embed__wrapper\">\n<iframe hcb-fetch-image-from=\"https:\/\/www.youtube.com\/watch?v=D1TO-PEvf7k\" title=\"Construire son ABRI\/ANNEXE de jardin en 5 jours - Partie 1\" width=\"500\" height=\"281\" src=\"https:\/\/www.youtube.com\/embed\/D1TO-PEvf7k?feature=oembed\" frameborder=\"0\" allow=\"accelerometer; autoplay; clipboard-write; encrypted-media; gyroscope; picture-in-picture; web-share\" referrerpolicy=\"strict-origin-when-cross-origin\" allowfullscreen><\/iframe>\n<\/div><\/figure><\/center>\n\n\n\n<p>Vous voulez nous faire confiance ? Nous sommes l\u00e0 pour faire briller votre jardin. <strong>Cliquez et<\/strong> <strong>Remplissez ce formulaire et nous vous contacterons. <\/strong><\/p>\n\n\n\n<div class=\"wp-block-buttons has-custom-font-size is-content-justification-center is-layout-flex wp-container-core-buttons-is-layout-16018d1d wp-block-buttons-is-layout-flex\" style=\"font-size:20px\">\n<div class=\"wp-block-button has-custom-width wp-block-button__width-50 is-style-outline is-style-outline--1\"><a class=\"wp-block-button__link has-vivid-green-cyan-color has-black-background-color has-text-color has-background has-link-color wp-element-button\" href=\"https:\/\/fast-track.epsi-wis.ovh\/anihouvi\/contact-batiev\/\"><strong>Formulaire<\/strong> <\/a><\/div>\n<\/div>\n\n\n<h3><strong>D\u00e9couvrez nos diff\u00e9rentes autres prestations :<\/strong>\u00a0\u00a0<\/h3>\n<ul>\n<li style=\"list-style-type: none;\">\n<ul>\n<li><a href=\"https:\/\/fast-track.epsi-wis.ovh\/anihouvi\/amenagement-de-salle-de-bain\/\">Am\u00e9nagement de salle de bain<\/a><\/li>\n<li><a href=\"https:\/\/fast-track.epsi-wis.ovh\/anihouvi\/renovation-cuisine-sur-mesure\/\">R\u00e9novation cuisine sur mesure<\/a><\/li>\n<\/ul>\n<\/li>\n<\/ul>\n\n\n<p><\/p>\n","protected":false},"excerpt":{"rendered":"<p>Beosin d&rsquo;un espace de d\u00e9tente dans votre jardin ? Faites appel \u00e0 Betiev, expert de la construction en bois en Ile-de-France, pour concevoir un abri de jardin sur mesure adapt\u00e9 \u00e0 vos envies, \u00e0 votre terrain et \u00e0 votre style de vie. Nos services pour votre abri de jardin sur mesure : Chez Batiev, chaque [&hellip;]<\/p>\n","protected":false},"author":1,"featured_media":0,"parent":0,"menu_order":0,"comment_status":"closed","ping_status":"closed","template":"","meta":{"footnotes":""},"class_list":["post-103","page","type-page","status-publish","hentry"],"yoast_head":"<!-- This site is optimized with the Yoast SEO plugin v27.4 - https:\/\/yoast.com\/product\/yoast-seo-wordpress\/ -->\n<title>Abri de jardin sur mesure<\/title>\n<meta name=\"description\" content=\"Cr\u00e9ez un abri de jardin sur mesure avec Batiev. Conception, fabrication et installation d&#039;abris robustes et esth\u00e9tiques.\" \/>\n<meta name=\"robots\" content=\"index, follow, max-snippet:-1, max-image-preview:large, max-video-preview:-1\" \/>\n<link rel=\"canonical\" href=\"https:\/\/fast-track.epsi-wis.ovh\/anihouvi\/abri-de-jardin-sur-mesure\/\" \/>\n<meta property=\"og:locale\" content=\"fr_FR\" \/>\n<meta property=\"og:type\" content=\"article\" \/>\n<meta property=\"og:title\" content=\"Abri de jardin sur mesure\" \/>\n<meta property=\"og:description\" content=\"Cr\u00e9ez un abri de jardin sur mesure avec Batiev. Conception, fabrication et installation d&#039;abris robustes et esth\u00e9tiques.\" \/>\n<meta property=\"og:url\" content=\"https:\/\/fast-track.epsi-wis.ovh\/anihouvi\/abri-de-jardin-sur-mesure\/\" \/>\n<meta property=\"og:site_name\" content=\"SISTER-IGTH\" \/>\n<meta property=\"article:modified_time\" content=\"2025-05-23T21:25:57+00:00\" \/>\n<meta property=\"og:image\" content=\"https:\/\/fast-track.epsi-wis.ovh\/anihouvi\/wp-content\/uploads\/2025\/05\/Ab-1-1.jpg\" \/>\n\t<meta property=\"og:image:width\" content=\"907\" \/>\n\t<meta property=\"og:image:height\" content=\"605\" \/>\n\t<meta property=\"og:image:type\" content=\"image\/jpeg\" \/>\n<meta name=\"twitter:card\" content=\"summary_large_image\" \/>\n<meta name=\"twitter:label1\" content=\"Dur\u00e9e de lecture estim\u00e9e\" \/>\n\t<meta name=\"twitter:data1\" content=\"2 minutes\" \/>\n<script type=\"application\/ld+json\" class=\"yoast-schema-graph\">{\"@context\":\"https:\\\/\\\/schema.org\",\"@graph\":[{\"@type\":\"WebPage\",\"@id\":\"https:\\\/\\\/fast-track.epsi-wis.ovh\\\/anihouvi\\\/abri-de-jardin-sur-mesure\\\/\",\"url\":\"https:\\\/\\\/fast-track.epsi-wis.ovh\\\/anihouvi\\\/abri-de-jardin-sur-mesure\\\/\",\"name\":\"Abri de jardin sur mesure\",\"isPartOf\":{\"@id\":\"https:\\\/\\\/fast-track.epsi-wis.ovh\\\/anihouvi\\\/#website\"},\"primaryImageOfPage\":{\"@id\":\"https:\\\/\\\/fast-track.epsi-wis.ovh\\\/anihouvi\\\/abri-de-jardin-sur-mesure\\\/#primaryimage\"},\"image\":{\"@id\":\"https:\\\/\\\/fast-track.epsi-wis.ovh\\\/anihouvi\\\/abri-de-jardin-sur-mesure\\\/#primaryimage\"},\"thumbnailUrl\":\"https:\\\/\\\/fast-track.epsi-wis.ovh\\\/anihouvi\\\/wp-content\\\/uploads\\\/2025\\\/05\\\/Ab-1-1.jpg\",\"datePublished\":\"2025-05-23T16:13:57+00:00\",\"dateModified\":\"2025-05-23T21:25:57+00:00\",\"description\":\"Cr\u00e9ez un abri de jardin sur mesure avec Batiev. Conception, fabrication et installation d'abris robustes et esth\u00e9tiques.\",\"breadcrumb\":{\"@id\":\"https:\\\/\\\/fast-track.epsi-wis.ovh\\\/anihouvi\\\/abri-de-jardin-sur-mesure\\\/#breadcrumb\"},\"inLanguage\":\"fr-FR\",\"potentialAction\":[{\"@type\":\"ReadAction\",\"target\":[\"https:\\\/\\\/fast-track.epsi-wis.ovh\\\/anihouvi\\\/abri-de-jardin-sur-mesure\\\/\"]}]},{\"@type\":\"ImageObject\",\"inLanguage\":\"fr-FR\",\"@id\":\"https:\\\/\\\/fast-track.epsi-wis.ovh\\\/anihouvi\\\/abri-de-jardin-sur-mesure\\\/#primaryimage\",\"url\":\"https:\\\/\\\/fast-track.epsi-wis.ovh\\\/anihouvi\\\/wp-content\\\/uploads\\\/2025\\\/05\\\/Ab-1-1.jpg\",\"contentUrl\":\"https:\\\/\\\/fast-track.epsi-wis.ovh\\\/anihouvi\\\/wp-content\\\/uploads\\\/2025\\\/05\\\/Ab-1-1.jpg\",\"width\":907,\"height\":605},{\"@type\":\"BreadcrumbList\",\"@id\":\"https:\\\/\\\/fast-track.epsi-wis.ovh\\\/anihouvi\\\/abri-de-jardin-sur-mesure\\\/#breadcrumb\",\"itemListElement\":[{\"@type\":\"ListItem\",\"position\":1,\"name\":\"Accueil\",\"item\":\"https:\\\/\\\/fast-track.epsi-wis.ovh\\\/anihouvi\\\/\"},{\"@type\":\"ListItem\",\"position\":2,\"name\":\"Abri de jardin sur mesure\"}]},{\"@type\":\"WebSite\",\"@id\":\"https:\\\/\\\/fast-track.epsi-wis.ovh\\\/anihouvi\\\/#website\",\"url\":\"https:\\\/\\\/fast-track.epsi-wis.ovh\\\/anihouvi\\\/\",\"name\":\"SISTER-IGTH\",\"description\":\"\",\"publisher\":{\"@id\":\"https:\\\/\\\/fast-track.epsi-wis.ovh\\\/anihouvi\\\/#organization\"},\"potentialAction\":[{\"@type\":\"SearchAction\",\"target\":{\"@type\":\"EntryPoint\",\"urlTemplate\":\"https:\\\/\\\/fast-track.epsi-wis.ovh\\\/anihouvi\\\/?s={search_term_string}\"},\"query-input\":{\"@type\":\"PropertyValueSpecification\",\"valueRequired\":true,\"valueName\":\"search_term_string\"}}],\"inLanguage\":\"fr-FR\"},{\"@type\":\"Organization\",\"@id\":\"https:\\\/\\\/fast-track.epsi-wis.ovh\\\/anihouvi\\\/#organization\",\"name\":\"SISTER-IGTH\",\"url\":\"https:\\\/\\\/fast-track.epsi-wis.ovh\\\/anihouvi\\\/\",\"logo\":{\"@type\":\"ImageObject\",\"inLanguage\":\"fr-FR\",\"@id\":\"https:\\\/\\\/fast-track.epsi-wis.ovh\\\/anihouvi\\\/#\\\/schema\\\/logo\\\/image\\\/\",\"url\":\"https:\\\/\\\/fast-track.epsi-wis.ovh\\\/anihouvi\\\/wp-content\\\/uploads\\\/2025\\\/05\\\/logo-epsi-scaled.png\",\"contentUrl\":\"https:\\\/\\\/fast-track.epsi-wis.ovh\\\/anihouvi\\\/wp-content\\\/uploads\\\/2025\\\/05\\\/logo-epsi-scaled.png\",\"width\":2560,\"height\":1469,\"caption\":\"SISTER-IGTH\"},\"image\":{\"@id\":\"https:\\\/\\\/fast-track.epsi-wis.ovh\\\/anihouvi\\\/#\\\/schema\\\/logo\\\/image\\\/\"}}]}<\/script>\n<!-- \/ Yoast SEO plugin. -->","yoast_head_json":{"title":"Abri de jardin sur mesure","description":"Cr\u00e9ez un abri de jardin sur mesure avec Batiev. Conception, fabrication et installation d'abris robustes et esth\u00e9tiques.","robots":{"index":"index","follow":"follow","max-snippet":"max-snippet:-1","max-image-preview":"max-image-preview:large","max-video-preview":"max-video-preview:-1"},"canonical":"https:\/\/fast-track.epsi-wis.ovh\/anihouvi\/abri-de-jardin-sur-mesure\/","og_locale":"fr_FR","og_type":"article","og_title":"Abri de jardin sur mesure","og_description":"Cr\u00e9ez un abri de jardin sur mesure avec Batiev. Conception, fabrication et installation d'abris robustes et esth\u00e9tiques.","og_url":"https:\/\/fast-track.epsi-wis.ovh\/anihouvi\/abri-de-jardin-sur-mesure\/","og_site_name":"SISTER-IGTH","article_modified_time":"2025-05-23T21:25:57+00:00","og_image":[{"width":907,"height":605,"url":"https:\/\/fast-track.epsi-wis.ovh\/anihouvi\/wp-content\/uploads\/2025\/05\/Ab-1-1.jpg","type":"image\/jpeg"}],"twitter_card":"summary_large_image","twitter_misc":{"Dur\u00e9e de lecture estim\u00e9e":"2 minutes"},"schema":{"@context":"https:\/\/schema.org","@graph":[{"@type":"WebPage","@id":"https:\/\/fast-track.epsi-wis.ovh\/anihouvi\/abri-de-jardin-sur-mesure\/","url":"https:\/\/fast-track.epsi-wis.ovh\/anihouvi\/abri-de-jardin-sur-mesure\/","name":"Abri de jardin sur mesure","isPartOf":{"@id":"https:\/\/fast-track.epsi-wis.ovh\/anihouvi\/#website"},"primaryImageOfPage":{"@id":"https:\/\/fast-track.epsi-wis.ovh\/anihouvi\/abri-de-jardin-sur-mesure\/#primaryimage"},"image":{"@id":"https:\/\/fast-track.epsi-wis.ovh\/anihouvi\/abri-de-jardin-sur-mesure\/#primaryimage"},"thumbnailUrl":"https:\/\/fast-track.epsi-wis.ovh\/anihouvi\/wp-content\/uploads\/2025\/05\/Ab-1-1.jpg","datePublished":"2025-05-23T16:13:57+00:00","dateModified":"2025-05-23T21:25:57+00:00","description":"Cr\u00e9ez un abri de jardin sur mesure avec Batiev. Conception, fabrication et installation d'abris robustes et esth\u00e9tiques.","breadcrumb":{"@id":"https:\/\/fast-track.epsi-wis.ovh\/anihouvi\/abri-de-jardin-sur-mesure\/#breadcrumb"},"inLanguage":"fr-FR","potentialAction":[{"@type":"ReadAction","target":["https:\/\/fast-track.epsi-wis.ovh\/anihouvi\/abri-de-jardin-sur-mesure\/"]}]},{"@type":"ImageObject","inLanguage":"fr-FR","@id":"https:\/\/fast-track.epsi-wis.ovh\/anihouvi\/abri-de-jardin-sur-mesure\/#primaryimage","url":"https:\/\/fast-track.epsi-wis.ovh\/anihouvi\/wp-content\/uploads\/2025\/05\/Ab-1-1.jpg","contentUrl":"https:\/\/fast-track.epsi-wis.ovh\/anihouvi\/wp-content\/uploads\/2025\/05\/Ab-1-1.jpg","width":907,"height":605},{"@type":"BreadcrumbList","@id":"https:\/\/fast-track.epsi-wis.ovh\/anihouvi\/abri-de-jardin-sur-mesure\/#breadcrumb","itemListElement":[{"@type":"ListItem","position":1,"name":"Accueil","item":"https:\/\/fast-track.epsi-wis.ovh\/anihouvi\/"},{"@type":"ListItem","position":2,"name":"Abri de jardin sur mesure"}]},{"@type":"WebSite","@id":"https:\/\/fast-track.epsi-wis.ovh\/anihouvi\/#website","url":"https:\/\/fast-track.epsi-wis.ovh\/anihouvi\/","name":"SISTER-IGTH","description":"","publisher":{"@id":"https:\/\/fast-track.epsi-wis.ovh\/anihouvi\/#organization"},"potentialAction":[{"@type":"SearchAction","target":{"@type":"EntryPoint","urlTemplate":"https:\/\/fast-track.epsi-wis.ovh\/anihouvi\/?s={search_term_string}"},"query-input":{"@type":"PropertyValueSpecification","valueRequired":true,"valueName":"search_term_string"}}],"inLanguage":"fr-FR"},{"@type":"Organization","@id":"https:\/\/fast-track.epsi-wis.ovh\/anihouvi\/#organization","name":"SISTER-IGTH","url":"https:\/\/fast-track.epsi-wis.ovh\/anihouvi\/","logo":{"@type":"ImageObject","inLanguage":"fr-FR","@id":"https:\/\/fast-track.epsi-wis.ovh\/anihouvi\/#\/schema\/logo\/image\/","url":"https:\/\/fast-track.epsi-wis.ovh\/anihouvi\/wp-content\/uploads\/2025\/05\/logo-epsi-scaled.png","contentUrl":"https:\/\/fast-track.epsi-wis.ovh\/anihouvi\/wp-content\/uploads\/2025\/05\/logo-epsi-scaled.png","width":2560,"height":1469,"caption":"SISTER-IGTH"},"image":{"@id":"https:\/\/fast-track.epsi-wis.ovh\/anihouvi\/#\/schema\/logo\/image\/"}}]}},"_links":{"self":[{"href":"https:\/\/fast-track.epsi-wis.ovh\/anihouvi\/wp-json\/wp\/v2\/pages\/103","targetHints":{"allow":["GET"]}}],"collection":[{"href":"https:\/\/fast-track.epsi-wis.ovh\/anihouvi\/wp-json\/wp\/v2\/pages"}],"about":[{"href":"https:\/\/fast-track.epsi-wis.ovh\/anihouvi\/wp-json\/wp\/v2\/types\/page"}],"author":[{"embeddable":true,"href":"https:\/\/fast-track.epsi-wis.ovh\/anihouvi\/wp-json\/wp\/v2\/users\/1"}],"replies":[{"embeddable":true,"href":"https:\/\/fast-track.epsi-wis.ovh\/anihouvi\/wp-json\/wp\/v2\/comments?post=103"}],"version-history":[{"count":13,"href":"https:\/\/fast-track.epsi-wis.ovh\/anihouvi\/wp-json\/wp\/v2\/pages\/103\/revisions"}],"predecessor-version":[{"id":202,"href":"https:\/\/fast-track.epsi-wis.ovh\/anihouvi\/wp-json\/wp\/v2\/pages\/103\/revisions\/202"}],"wp:attachment":[{"href":"https:\/\/fast-track.epsi-wis.ovh\/anihouvi\/wp-json\/wp\/v2\/media?parent=103"}],"curies":[{"name":"wp","href":"https:\/\/api.w.org\/{rel}","templated":true}]}}