{"id":8,"date":"2025-04-09T12:28:03","date_gmt":"2025-04-09T10:28:03","guid":{"rendered":"https:\/\/fast-track.epsi-wis.ovh\/anihouvi\/?page_id=8"},"modified":"2025-05-23T23:24:30","modified_gmt":"2025-05-23T21:24:30","slug":"accueil","status":"publish","type":"page","link":"https:\/\/fast-track.epsi-wis.ovh\/anihouvi\/","title":{"rendered":"Batiev, entreprise de travaux pour les particuliers install\u00e9e en Ile-de-France"},"content":{"rendered":"\n<p style=\"font-size:20px\"><strong>Batiev<\/strong> est l\u00e0 pour vous accompagner dans vos projets de r\u00e9novation ou d&rsquo;am\u00e9nagement pour un espaces de confort et de bien \u00eatre. <\/p>\n\n\n\n<p><img decoding=\"async\" src=\"https:\/\/batiev.com\/wp-content\/uploads\/2023\/11\/tonnelle-jardin-bois-1440x600.jpg\" alt=\"Tonnelle de jardin en bois\"><\/p>\n\n\n\n<h1 class=\"wp-block-heading has-text-align-center\">Nous r\u00e9inventons vos espaces de vie : <\/h1>\n\n\n\n<h2 class=\"wp-block-heading\"><\/h2>\n\n\n\n<div class=\"wp-block-columns is-layout-flex wp-container-core-columns-is-layout-9d6595d7 wp-block-columns-is-layout-flex\">\n<div class=\"wp-block-column is-vertically-aligned-center is-layout-flow wp-block-column-is-layout-flow\">\n<p style=\"font-size:30px\">Commencez par choisir le mod\u00e8le qui convient \u00e0 vos envies ou bien \u00e0 vos imp\u00e9ratifs&nbsp; : Souhaitez-vous un toit de type pente ou deux pentes de toit, un toit-terrasse\u2026 ? Nous avons la solution. <\/p>\n\n\n\n<p><\/p>\n<\/div>\n\n\n\n<div class=\"wp-block-column is-layout-flow wp-block-column-is-layout-flow\">\n<figure class=\"wp-block-image size-full\"><a href=\"https:\/\/fast-track.epsi-wis.ovh\/anihouvi\/abri-de-jardin-sur-mesure\/\"><img fetchpriority=\"high\" decoding=\"async\" width=\"1000\" height=\"710\" src=\"https:\/\/fast-track.epsi-wis.ovh\/anihouvi\/wp-content\/uploads\/2025\/05\/Abri-de-jardin.jpg\" alt=\"entreprise de travaux pour les abris de jardin install\u00e9e en Ile-de-France\" class=\"wp-image-91\" srcset=\"https:\/\/fast-track.epsi-wis.ovh\/anihouvi\/wp-content\/uploads\/2025\/05\/Abri-de-jardin.jpg 1000w, https:\/\/fast-track.epsi-wis.ovh\/anihouvi\/wp-content\/uploads\/2025\/05\/Abri-de-jardin-423x300.jpg 423w, https:\/\/fast-track.epsi-wis.ovh\/anihouvi\/wp-content\/uploads\/2025\/05\/Abri-de-jardin-768x545.jpg 768w\" sizes=\"(max-width: 1000px) 100vw, 1000px\" \/><\/a><\/figure>\n<\/div>\n<\/div>\n\n\n\n<div class=\"wp-block-columns is-layout-flex wp-container-core-columns-is-layout-9d6595d7 wp-block-columns-is-layout-flex\">\n<div class=\"wp-block-column is-layout-flow wp-block-column-is-layout-flow\">\n<figure class=\"wp-block-image size-large\"><a href=\"https:\/\/fast-track.epsi-wis.ovh\/anihouvi\/renovation-cuisine-sur-mesure\/\"><img decoding=\"async\" width=\"1110\" height=\"740\" src=\"https:\/\/fast-track.epsi-wis.ovh\/anihouvi\/wp-content\/uploads\/2025\/05\/cuisine-1110x740.jpg\" alt=\"entreprise de travaux pour les cuisines install\u00e9e en Ile-de-France\" class=\"wp-image-96\" srcset=\"https:\/\/fast-track.epsi-wis.ovh\/anihouvi\/wp-content\/uploads\/2025\/05\/cuisine-1110x740.jpg 1110w, https:\/\/fast-track.epsi-wis.ovh\/anihouvi\/wp-content\/uploads\/2025\/05\/cuisine-450x300.jpg 450w, https:\/\/fast-track.epsi-wis.ovh\/anihouvi\/wp-content\/uploads\/2025\/05\/cuisine-768x512.jpg 768w, https:\/\/fast-track.epsi-wis.ovh\/anihouvi\/wp-content\/uploads\/2025\/05\/cuisine-1536x1024.jpg 1536w, https:\/\/fast-track.epsi-wis.ovh\/anihouvi\/wp-content\/uploads\/2025\/05\/cuisine-2048x1366.jpg 2048w\" sizes=\"(max-width: 1110px) 100vw, 1110px\" \/><\/a><\/figure>\n<\/div>\n\n\n\n<div class=\"wp-block-column is-vertically-aligned-center is-layout-flow wp-block-column-is-layout-flow\">\n<p style=\"font-size:30px\">Envie d&rsquo;une cuisine moderne, pratique et \u00e0 votre go\u00fbt ? Faites nous part de votre projet, notre \u00e9quipe se tient \u00e0 votre disposition. <\/p>\n<\/div>\n<\/div>\n\n\n\n<div class=\"wp-block-columns is-layout-flex wp-container-core-columns-is-layout-9d6595d7 wp-block-columns-is-layout-flex\">\n<div class=\"wp-block-column is-vertically-aligned-center is-layout-flow wp-block-column-is-layout-flow\">\n<p style=\"font-size:30px\">Vous cherchez \u00e0 moderniser votre salle de bain ? Chez <a href=\"https:\/\/batiev.com\/\">Batiev<\/a>, nous cr\u00e9ons des espaces pratiques, \u00e9l\u00e9gants et adapt\u00e9s \u00e0 votre quotidien, quel que soit votre budget.<\/p>\n\n\n\n<p><\/p>\n<\/div>\n\n\n\n<div class=\"wp-block-column is-layout-flow wp-block-column-is-layout-flow\">\n<figure class=\"wp-block-image size-full\"><a href=\"https:\/\/fast-track.epsi-wis.ovh\/anihouvi\/amenagement-de-salle-de-bain\/\"><img decoding=\"async\" width=\"880\" height=\"600\" src=\"https:\/\/fast-track.epsi-wis.ovh\/anihouvi\/wp-content\/uploads\/2025\/05\/Salle-de-bain-2.png\" alt=\"entreprise de travaux pour les salles de bain install\u00e9e en Ile-de-France\" class=\"wp-image-100\" srcset=\"https:\/\/fast-track.epsi-wis.ovh\/anihouvi\/wp-content\/uploads\/2025\/05\/Salle-de-bain-2.png 880w, https:\/\/fast-track.epsi-wis.ovh\/anihouvi\/wp-content\/uploads\/2025\/05\/Salle-de-bain-2-440x300.png 440w, https:\/\/fast-track.epsi-wis.ovh\/anihouvi\/wp-content\/uploads\/2025\/05\/Salle-de-bain-2-768x524.png 768w\" sizes=\"(max-width: 880px) 100vw, 880px\" \/><\/a><\/figure>\n<\/div>\n<\/div>\n\n\n<h3><strong>D\u00e9couvrez nos diff\u00e9rentes autres prestations :<\/strong>\u00a0\u00a0<\/h3>\n<ul>\n<li style=\"text-align: justify;\"><strong><a href=\"https:\/\/fast-track.epsi-wis.ovh\/anihouvi\/abri-de-jardin-sur-mesure\/\">Abri de jardin sur mesure<\/a><\/strong><\/li>\n<li style=\"text-align: justify;\"><strong><a href=\"https:\/\/fast-track.epsi-wis.ovh\/anihouvi\/amenagement-de-salle-de-bain\/\">Am\u00e9nagement de salle de bain<\/a><\/strong><\/li>\n<li style=\"text-align: justify;\"><a href=\"https:\/\/fast-track.epsi-wis.ovh\/anihouvi\/renovation-cuisine-sur-mesure\/\"><strong>R\u00e9novation cuisine sur mesure<\/strong><\/a><\/li>\n<\/ul>\n\n\n<p><\/p>\n","protected":false},"excerpt":{"rendered":"<p>Batiev est l\u00e0 pour vous accompagner dans vos projets de r\u00e9novation ou d&rsquo;am\u00e9nagement pour un espaces de confort et de bien \u00eatre. Nous r\u00e9inventons vos espaces de vie : Commencez par choisir le mod\u00e8le qui convient \u00e0 vos envies ou bien \u00e0 vos imp\u00e9ratifs&nbsp; : Souhaitez-vous un toit de type pente ou deux pentes de [&hellip;]<\/p>\n","protected":false},"author":1,"featured_media":0,"parent":0,"menu_order":0,"comment_status":"closed","ping_status":"closed","template":"","meta":{"footnotes":""},"class_list":["post-8","page","type-page","status-publish","hentry"],"yoast_head":"<!-- This site is optimized with the Yoast SEO plugin v27.4 - https:\/\/yoast.com\/product\/yoast-seo-wordpress\/ -->\n<title>Batiev, entreprise de travaux pour les particuliers install\u00e9e en Ile-de-France<\/title>\n<meta name=\"description\" content=\"Abri jardin sur mesure, r\u00e9novation de cuisine et am\u00e9nagement salle de bain, nous sommes pour vous accompagner dans votre projet.\" \/>\n<meta name=\"robots\" content=\"index, follow, max-snippet:-1, max-image-preview:large, max-video-preview:-1\" \/>\n<link rel=\"canonical\" href=\"https:\/\/fast-track.epsi-wis.ovh\/anihouvi\/\" \/>\n<meta property=\"og:locale\" content=\"fr_FR\" \/>\n<meta property=\"og:type\" content=\"article\" \/>\n<meta property=\"og:title\" content=\"Batiev, entreprise de travaux pour les particuliers install\u00e9e en Ile-de-France\" \/>\n<meta property=\"og:description\" content=\"Abri jardin sur mesure, r\u00e9novation de cuisine et am\u00e9nagement salle de bain, nous sommes pour vous accompagner dans votre projet.\" \/>\n<meta property=\"og:url\" content=\"https:\/\/fast-track.epsi-wis.ovh\/anihouvi\/\" \/>\n<meta property=\"og:site_name\" content=\"SISTER-IGTH\" \/>\n<meta property=\"article:modified_time\" content=\"2025-05-23T21:24:30+00:00\" \/>\n<meta property=\"og:image\" content=\"https:\/\/batiev.com\/wp-content\/uploads\/2023\/11\/tonnelle-jardin-bois-1440x600.jpg\" \/>\n<meta name=\"twitter:card\" content=\"summary_large_image\" \/>\n<meta name=\"twitter:label1\" content=\"Dur\u00e9e de lecture estim\u00e9e\" \/>\n\t<meta name=\"twitter:data1\" content=\"2 minutes\" \/>\n<script type=\"application\/ld+json\" class=\"yoast-schema-graph\">{\"@context\":\"https:\\\/\\\/schema.org\",\"@graph\":[{\"@type\":\"WebPage\",\"@id\":\"https:\\\/\\\/fast-track.epsi-wis.ovh\\\/anihouvi\\\/\",\"url\":\"https:\\\/\\\/fast-track.epsi-wis.ovh\\\/anihouvi\\\/\",\"name\":\"Batiev, entreprise de travaux pour les particuliers install\u00e9e en Ile-de-France\",\"isPartOf\":{\"@id\":\"https:\\\/\\\/fast-track.epsi-wis.ovh\\\/anihouvi\\\/#website\"},\"primaryImageOfPage\":{\"@id\":\"https:\\\/\\\/fast-track.epsi-wis.ovh\\\/anihouvi\\\/#primaryimage\"},\"image\":{\"@id\":\"https:\\\/\\\/fast-track.epsi-wis.ovh\\\/anihouvi\\\/#primaryimage\"},\"thumbnailUrl\":\"https:\\\/\\\/batiev.com\\\/wp-content\\\/uploads\\\/2023\\\/11\\\/tonnelle-jardin-bois-1440x600.jpg\",\"datePublished\":\"2025-04-09T10:28:03+00:00\",\"dateModified\":\"2025-05-23T21:24:30+00:00\",\"description\":\"Abri jardin sur mesure, r\u00e9novation de cuisine et am\u00e9nagement salle de bain, nous sommes pour vous accompagner dans votre projet.\",\"breadcrumb\":{\"@id\":\"https:\\\/\\\/fast-track.epsi-wis.ovh\\\/anihouvi\\\/#breadcrumb\"},\"inLanguage\":\"fr-FR\",\"potentialAction\":[{\"@type\":\"ReadAction\",\"target\":[\"https:\\\/\\\/fast-track.epsi-wis.ovh\\\/anihouvi\\\/\"]}]},{\"@type\":\"ImageObject\",\"inLanguage\":\"fr-FR\",\"@id\":\"https:\\\/\\\/fast-track.epsi-wis.ovh\\\/anihouvi\\\/#primaryimage\",\"url\":\"https:\\\/\\\/batiev.com\\\/wp-content\\\/uploads\\\/2023\\\/11\\\/tonnelle-jardin-bois-1440x600.jpg\",\"contentUrl\":\"https:\\\/\\\/batiev.com\\\/wp-content\\\/uploads\\\/2023\\\/11\\\/tonnelle-jardin-bois-1440x600.jpg\"},{\"@type\":\"BreadcrumbList\",\"@id\":\"https:\\\/\\\/fast-track.epsi-wis.ovh\\\/anihouvi\\\/#breadcrumb\",\"itemListElement\":[{\"@type\":\"ListItem\",\"position\":1,\"name\":\"Accueil\",\"item\":\"https:\\\/\\\/fast-track.epsi-wis.ovh\\\/anihouvi\\\/\"},{\"@type\":\"ListItem\",\"position\":2,\"name\":\"Batiev, entreprise de travaux pour les particuliers install\u00e9e en Ile-de-France\"}]},{\"@type\":\"WebSite\",\"@id\":\"https:\\\/\\\/fast-track.epsi-wis.ovh\\\/anihouvi\\\/#website\",\"url\":\"https:\\\/\\\/fast-track.epsi-wis.ovh\\\/anihouvi\\\/\",\"name\":\"SISTER-IGTH\",\"description\":\"\",\"publisher\":{\"@id\":\"https:\\\/\\\/fast-track.epsi-wis.ovh\\\/anihouvi\\\/#organization\"},\"potentialAction\":[{\"@type\":\"SearchAction\",\"target\":{\"@type\":\"EntryPoint\",\"urlTemplate\":\"https:\\\/\\\/fast-track.epsi-wis.ovh\\\/anihouvi\\\/?s={search_term_string}\"},\"query-input\":{\"@type\":\"PropertyValueSpecification\",\"valueRequired\":true,\"valueName\":\"search_term_string\"}}],\"inLanguage\":\"fr-FR\"},{\"@type\":\"Organization\",\"@id\":\"https:\\\/\\\/fast-track.epsi-wis.ovh\\\/anihouvi\\\/#organization\",\"name\":\"SISTER-IGTH\",\"url\":\"https:\\\/\\\/fast-track.epsi-wis.ovh\\\/anihouvi\\\/\",\"logo\":{\"@type\":\"ImageObject\",\"inLanguage\":\"fr-FR\",\"@id\":\"https:\\\/\\\/fast-track.epsi-wis.ovh\\\/anihouvi\\\/#\\\/schema\\\/logo\\\/image\\\/\",\"url\":\"https:\\\/\\\/fast-track.epsi-wis.ovh\\\/anihouvi\\\/wp-content\\\/uploads\\\/2025\\\/05\\\/logo-epsi-scaled.png\",\"contentUrl\":\"https:\\\/\\\/fast-track.epsi-wis.ovh\\\/anihouvi\\\/wp-content\\\/uploads\\\/2025\\\/05\\\/logo-epsi-scaled.png\",\"width\":2560,\"height\":1469,\"caption\":\"SISTER-IGTH\"},\"image\":{\"@id\":\"https:\\\/\\\/fast-track.epsi-wis.ovh\\\/anihouvi\\\/#\\\/schema\\\/logo\\\/image\\\/\"}}]}<\/script>\n<!-- \/ Yoast SEO plugin. -->","yoast_head_json":{"title":"Batiev, entreprise de travaux pour les particuliers install\u00e9e en Ile-de-France","description":"Abri jardin sur mesure, r\u00e9novation de cuisine et am\u00e9nagement salle de bain, nous sommes pour vous accompagner dans votre projet.","robots":{"index":"index","follow":"follow","max-snippet":"max-snippet:-1","max-image-preview":"max-image-preview:large","max-video-preview":"max-video-preview:-1"},"canonical":"https:\/\/fast-track.epsi-wis.ovh\/anihouvi\/","og_locale":"fr_FR","og_type":"article","og_title":"Batiev, entreprise de travaux pour les particuliers install\u00e9e en Ile-de-France","og_description":"Abri jardin sur mesure, r\u00e9novation de cuisine et am\u00e9nagement salle de bain, nous sommes pour vous accompagner dans votre projet.","og_url":"https:\/\/fast-track.epsi-wis.ovh\/anihouvi\/","og_site_name":"SISTER-IGTH","article_modified_time":"2025-05-23T21:24:30+00:00","og_image":[{"url":"https:\/\/batiev.com\/wp-content\/uploads\/2023\/11\/tonnelle-jardin-bois-1440x600.jpg","type":"","width":"","height":""}],"twitter_card":"summary_large_image","twitter_misc":{"Dur\u00e9e de lecture estim\u00e9e":"2 minutes"},"schema":{"@context":"https:\/\/schema.org","@graph":[{"@type":"WebPage","@id":"https:\/\/fast-track.epsi-wis.ovh\/anihouvi\/","url":"https:\/\/fast-track.epsi-wis.ovh\/anihouvi\/","name":"Batiev, entreprise de travaux pour les particuliers install\u00e9e en Ile-de-France","isPartOf":{"@id":"https:\/\/fast-track.epsi-wis.ovh\/anihouvi\/#website"},"primaryImageOfPage":{"@id":"https:\/\/fast-track.epsi-wis.ovh\/anihouvi\/#primaryimage"},"image":{"@id":"https:\/\/fast-track.epsi-wis.ovh\/anihouvi\/#primaryimage"},"thumbnailUrl":"https:\/\/batiev.com\/wp-content\/uploads\/2023\/11\/tonnelle-jardin-bois-1440x600.jpg","datePublished":"2025-04-09T10:28:03+00:00","dateModified":"2025-05-23T21:24:30+00:00","description":"Abri jardin sur mesure, r\u00e9novation de cuisine et am\u00e9nagement salle de bain, nous sommes pour vous accompagner dans votre projet.","breadcrumb":{"@id":"https:\/\/fast-track.epsi-wis.ovh\/anihouvi\/#breadcrumb"},"inLanguage":"fr-FR","potentialAction":[{"@type":"ReadAction","target":["https:\/\/fast-track.epsi-wis.ovh\/anihouvi\/"]}]},{"@type":"ImageObject","inLanguage":"fr-FR","@id":"https:\/\/fast-track.epsi-wis.ovh\/anihouvi\/#primaryimage","url":"https:\/\/batiev.com\/wp-content\/uploads\/2023\/11\/tonnelle-jardin-bois-1440x600.jpg","contentUrl":"https:\/\/batiev.com\/wp-content\/uploads\/2023\/11\/tonnelle-jardin-bois-1440x600.jpg"},{"@type":"BreadcrumbList","@id":"https:\/\/fast-track.epsi-wis.ovh\/anihouvi\/#breadcrumb","itemListElement":[{"@type":"ListItem","position":1,"name":"Accueil","item":"https:\/\/fast-track.epsi-wis.ovh\/anihouvi\/"},{"@type":"ListItem","position":2,"name":"Batiev, entreprise de travaux pour les particuliers install\u00e9e en Ile-de-France"}]},{"@type":"WebSite","@id":"https:\/\/fast-track.epsi-wis.ovh\/anihouvi\/#website","url":"https:\/\/fast-track.epsi-wis.ovh\/anihouvi\/","name":"SISTER-IGTH","description":"","publisher":{"@id":"https:\/\/fast-track.epsi-wis.ovh\/anihouvi\/#organization"},"potentialAction":[{"@type":"SearchAction","target":{"@type":"EntryPoint","urlTemplate":"https:\/\/fast-track.epsi-wis.ovh\/anihouvi\/?s={search_term_string}"},"query-input":{"@type":"PropertyValueSpecification","valueRequired":true,"valueName":"search_term_string"}}],"inLanguage":"fr-FR"},{"@type":"Organization","@id":"https:\/\/fast-track.epsi-wis.ovh\/anihouvi\/#organization","name":"SISTER-IGTH","url":"https:\/\/fast-track.epsi-wis.ovh\/anihouvi\/","logo":{"@type":"ImageObject","inLanguage":"fr-FR","@id":"https:\/\/fast-track.epsi-wis.ovh\/anihouvi\/#\/schema\/logo\/image\/","url":"https:\/\/fast-track.epsi-wis.ovh\/anihouvi\/wp-content\/uploads\/2025\/05\/logo-epsi-scaled.png","contentUrl":"https:\/\/fast-track.epsi-wis.ovh\/anihouvi\/wp-content\/uploads\/2025\/05\/logo-epsi-scaled.png","width":2560,"height":1469,"caption":"SISTER-IGTH"},"image":{"@id":"https:\/\/fast-track.epsi-wis.ovh\/anihouvi\/#\/schema\/logo\/image\/"}}]}},"_links":{"self":[{"href":"https:\/\/fast-track.epsi-wis.ovh\/anihouvi\/wp-json\/wp\/v2\/pages\/8","targetHints":{"allow":["GET"]}}],"collection":[{"href":"https:\/\/fast-track.epsi-wis.ovh\/anihouvi\/wp-json\/wp\/v2\/pages"}],"about":[{"href":"https:\/\/fast-track.epsi-wis.ovh\/anihouvi\/wp-json\/wp\/v2\/types\/page"}],"author":[{"embeddable":true,"href":"https:\/\/fast-track.epsi-wis.ovh\/anihouvi\/wp-json\/wp\/v2\/users\/1"}],"replies":[{"embeddable":true,"href":"https:\/\/fast-track.epsi-wis.ovh\/anihouvi\/wp-json\/wp\/v2\/comments?post=8"}],"version-history":[{"count":24,"href":"https:\/\/fast-track.epsi-wis.ovh\/anihouvi\/wp-json\/wp\/v2\/pages\/8\/revisions"}],"predecessor-version":[{"id":201,"href":"https:\/\/fast-track.epsi-wis.ovh\/anihouvi\/wp-json\/wp\/v2\/pages\/8\/revisions\/201"}],"wp:attachment":[{"href":"https:\/\/fast-track.epsi-wis.ovh\/anihouvi\/wp-json\/wp\/v2\/media?parent=8"}],"curies":[{"name":"wp","href":"https:\/\/api.w.org\/{rel}","templated":true}]}}