{"id":91,"date":"2025-05-15T13:50:37","date_gmt":"2025-05-15T11:50:37","guid":{"rendered":"https:\/\/fast-track.epsi-wis.ovh\/fady\/?page_id=91"},"modified":"2025-05-16T21:05:16","modified_gmt":"2025-05-16T19:05:16","slug":"prestataire-entretien-espaces-verts","status":"publish","type":"page","link":"https:\/\/fast-track.epsi-wis.ovh\/fady\/prestataire-entretien-espaces-verts\/","title":{"rendered":"Prestataire entretien espaces verts"},"content":{"rendered":"\n<h2 class=\"wp-block-heading\"><strong>Votre expert en entretien d&rsquo;espaces verts \u00e0 Paris et en \u00cele-de-France<\/strong><\/h2>\n\n\n\n<h2 class=\"wp-block-heading\">Introduction:<\/h2>\n\n\n<p>Confiez l&rsquo;entretien de vos espaces verts \u00e0 une \u00e9quipe de professionnels passionn\u00e9s. Nous intervenons aupr\u00e8s des particuliers, entreprises et collectivit\u00e9s pour garantir des espaces ext\u00e9rieurs soign\u00e9s et accueillants tout au long de l&rsquo;ann\u00e9e.<\/p>\n<h2>Nos services<\/h2>\n<ul>\n<li><strong>Tonte de pelouse<\/strong> : Pour un gazon toujours impeccable.<\/li>\n<li><strong>Taille de haies et arbustes<\/strong> : Sculptez vos v\u00e9g\u00e9taux selon vos envies. <img decoding=\"async\" style=\"float: right; margin-left: 20px; width: 168px; height: 300px;\" src=\"https:\/\/fast-track.epsi-wis.ovh\/fady\/wp-content\/uploads\/2025\/05\/26-1-168x300.jpg\" alt=\"jardin parisien\" \/><\/li>\n<li><strong>D\u00e9sherbage manuel et chimique<\/strong> : \u00c9liminez les mauvaises herbes efficacement.<\/li>\n<li><strong>Ramassage des feuilles<\/strong> : Pr\u00e9servez la propret\u00e9 de vos all\u00e9es et pelouses.<\/li>\n<li><strong>Entretien des massifs floraux<\/strong> : Mettez en valeur vos plantations.<\/li>\n<li><strong>Arrosage automatique<\/strong> : Installation et maintenance de syst\u00e8mes d&rsquo;irrigation.<\/li>\n<\/ul>\n\n\n<div class=\"wp-block-columns is-layout-flex wp-container-core-columns-is-layout-9d6595d7 wp-block-columns-is-layout-flex\">\n<div class=\"wp-block-column is-layout-flow wp-block-column-is-layout-flow\">\n<div class=\"wp-block-buttons is-layout-flex wp-block-buttons-is-layout-flex\">\n<div class=\"wp-block-button is-style-outline is-style-outline--1\"><a class=\"wp-block-button__link wp-element-button\" href=\"https:\/\/planner5d.com\/blog\/fr\/idees-fantastiques-damenagement-paysager-pour-votre-espace-exterieur\/\"><em>20 id\u00e9e pour changer votre  jardin <\/em><\/a><\/div>\n<\/div>\n<\/div>\n\n\n\n<div class=\"wp-block-column is-layout-flow wp-block-column-is-layout-flow\">\n<div class=\"wp-block-buttons is-layout-flex wp-block-buttons-is-layout-flex\">\n<div class=\"wp-block-button is-style-outline is-style-outline--2\"><a class=\"wp-block-button__link has-text-align-center wp-element-button\" href=\"http:\/\/www.houzz.fr\/photos\/idees-deco-de-jardins-phbr0-bp~t_11183?\"><em><sub><sup><strong>75 photo et id\u00e9e de d\u00e9cor pour jardin <\/strong><\/sup><\/sub><\/em><\/a><\/div>\n<\/div>\n<\/div>\n\n\n\n<div class=\"wp-block-column is-layout-flow wp-block-column-is-layout-flow\">\n<div class=\"wp-block-buttons is-layout-flex wp-block-buttons-is-layout-flex\">\n<div class=\"wp-block-button is-style-outline is-style-outline--3\"><a class=\"wp-block-button__link wp-element-button\" href=\"https:\/\/www.leroymerlin.fr\/services\/tous-nos-services-autour-de-terrasse\/amenagement-paysager-votre-jardin-reinvente-par-un-professionnel.html?\"><sub><em><sup>Am\u00e9nageme-nt paysager<\/sup><\/em><\/sub><\/a><\/div>\n<\/div>\n<\/div>\n<\/div>\n\n\n<h2>Pourquoi choisir notre entreprise ?<\/h2>\n<ul>\n<li class=\"\" data-start=\"1120\" data-end=\"1185\">\n<p class=\"\" data-start=\"1122\" data-end=\"1185\"><strong data-start=\"1122\" data-end=\"1143\">Professionnalisme<\/strong> : <span class=\"relative -mx-px my-[-0.2rem] rounded px-px py-[0.2rem] transition-colors duration-100 ease-in-out\">Une \u00e9quipe form\u00e9e et exp\u00e9riment\u00e9e.<\/span><\/p>\n<\/li>\n<li class=\"\" data-start=\"1186\" data-end=\"1240\">\n<p class=\"\" data-start=\"1188\" data-end=\"1240\"><strong data-start=\"1188\" data-end=\"1198\">\u00c9coute<\/strong> : <span class=\"relative -mx-px my-[-0.2rem] rounded px-px py-[0.2rem] bg-[#FCECC1] dark:bg-[#64572A] transition-colors duration-100 ease-in-out\">Des prestations adapt\u00e9es \u00e0 vos besoins sp\u00e9cifiques.<\/span><\/p>\n<\/li>\n<li class=\"\" data-start=\"1241\" data-end=\"1307\">\n<p class=\"\" data-start=\"1243\" data-end=\"1307\"><strong data-start=\"1243\" data-end=\"1265\">Mat\u00e9riel de pointe<\/strong> : <span class=\"relative -mx-px my-[-0.2rem] rounded px-px py-[0.2rem] transition-colors duration-100 ease-in-out\">Utilisation d&rsquo;\u00e9quipements modernes et performants.<\/span><\/p>\n<\/li>\n<li class=\"\" data-start=\"1308\" data-end=\"1421\">\n<p class=\"\" data-start=\"1310\" data-end=\"1421\"><strong data-start=\"1310\" data-end=\"1340\">Respect de l&rsquo;environnement<\/strong> : <span class=\"relative -mx-px my-[-0.2rem] rounded px-px py-[0.2rem] transition-colors duration-100 ease-in-out\">Pratiques \u00e9coresponsables et produits certifi\u00e9s.<\/span><\/p>\n<\/li>\n<\/ul>\n\n\n<div class=\"wp-block-buttons alignwide is-content-justification-center is-layout-flex wp-container-core-buttons-is-layout-16018d1d wp-block-buttons-is-layout-flex\">\n<div class=\"wp-block-button is-style-outline is-style-outline--4\"><a class=\"wp-block-button__link wp-element-button\" href=\"https:\/\/www.professionnel-nettoyage.com\/confier-prestations-entretien-espaces-verts-jardinier-entreprise-interet-detail-prestations-tarif\/?\"><em>Tout savoir sur le nettoyage professionnel<\/em><\/a><\/div>\n<\/div>\n\n\n<h2>Zones d&rsquo;intervention:<\/h2>\n<p class=\"\" data-start=\"1456\" data-end=\"1495\"><span class=\"relative -mx-px my-[-0.2rem] rounded px-px py-[0.2rem] transition-colors duration-100 ease-in-out\">Nous intervenons principalement \u00e0 Paris et dans toute l&rsquo;\u00cele-de-France, notamment \u00e0 :<\/span><\/p>\n<ul data-start=\"1496\" data-end=\"1744\">\n<li class=\"\" data-start=\"1496\" data-end=\"1537\">\n<p class=\"\" data-start=\"1498\" data-end=\"1537\"><span class=\"relative -mx-px my-[-0.2rem] rounded px-px py-[0.2rem] transition-colors duration-100 ease-in-out\">Boulogne-Billancourt<\/span><\/p>\n<\/li>\n<li class=\"\" data-start=\"1538\" data-end=\"1579\">\n<p class=\"\" data-start=\"1540\" data-end=\"1579\"><span class=\"relative -mx-px my-[-0.2rem] rounded px-px py-[0.2rem] transition-colors duration-100 ease-in-out\">Versailles<\/span><\/p>\n<\/li>\n<li class=\"\" data-start=\"1580\" data-end=\"1621\">\n<p class=\"\" data-start=\"1582\" data-end=\"1621\"><span class=\"relative -mx-px my-[-0.2rem] rounded px-px py-[0.2rem] transition-colors duration-100 ease-in-out\">Nanterre<\/span><\/p>\n<\/li>\n<li class=\"\" data-start=\"1622\" data-end=\"1663\">\n<p class=\"\" data-start=\"1624\" data-end=\"1663\"><span class=\"relative -mx-px my-[-0.2rem] rounded px-px py-[0.2rem] transition-colors duration-100 ease-in-out\">Saint-Denis<\/span><\/p>\n<\/li>\n<li class=\"\" data-start=\"1664\" data-end=\"1744\">\n<p class=\"\" data-start=\"1666\" data-end=\"1744\"><span class=\"relative -mx-px my-[-0.2rem] rounded px-px py-[0.2rem] transition-colors duration-100 ease-in-out\">Cr\u00e9teil<\/span><\/p>\n<\/li>\n<\/ul>\n\n<div class=\"wp-block-image\">\n<figure class=\"aligncenter size-full\"><img fetchpriority=\"high\" decoding=\"async\" width=\"720\" height=\"720\" src=\"https:\/\/fast-track.epsi-wis.ovh\/fady\/wp-content\/uploads\/2025\/05\/17.jpg\" alt=\"jardin fleurie\" class=\"wp-image-103\" srcset=\"https:\/\/fast-track.epsi-wis.ovh\/fady\/wp-content\/uploads\/2025\/05\/17.jpg 720w, https:\/\/fast-track.epsi-wis.ovh\/fady\/wp-content\/uploads\/2025\/05\/17-300x300.jpg 300w\" sizes=\"(max-width: 720px) 100vw, 720px\" \/><\/figure>\n<\/div>\n\n<div style=\"text-align: center;\"><iframe title=\"Vid\u00e9o d\u2019entretien d\u2019espaces verts\" src=\"https:\/\/www.youtube.com\/embed\/W4gv28TVyCc\" width=\"560\" height=\"315\" frameborder=\"0\" allowfullscreen=\"allowfullscreen\"><br \/>\n  <\/iframe><\/div>\n<h2>Contactez-nous:<\/h2>\n<p class=\"\" data-start=\"1967\" data-end=\"2045\"><span class=\"relative -mx-px my-[-0.2rem] rounded px-px py-[0.2rem] transition-colors duration-100 ease-in-out\">Pour obtenir un devis gratuit ou pour toute demande d&rsquo;information, n&rsquo;h\u00e9sitez pas \u00e0 nous contacter.<\/span><\/p>\n\n\n<div class=\"wp-block-buttons is-content-justification-center is-layout-flex wp-container-core-buttons-is-layout-16018d1d wp-block-buttons-is-layout-flex\">\n<div class=\"wp-block-button is-style-outline is-style-outline--5\"><a class=\"wp-block-button__link wp-element-button\" href=\"https:\/\/fast-track.epsi-wis.ovh\/fady\/contact-epsi-wis-paris-la-defence-courbevoie\/\">Contactez-nous<\/a><\/div>\n<\/div>\n\n\n\n<p><\/p>\n","protected":false},"excerpt":{"rendered":"<p>Votre expert en entretien d&rsquo;espaces verts \u00e0 Paris et en \u00cele-de-France Introduction: Confiez l&rsquo;entretien de vos espaces verts \u00e0 une \u00e9quipe de professionnels passionn\u00e9s. Nous intervenons aupr\u00e8s des particuliers, entreprises et collectivit\u00e9s pour garantir des espaces ext\u00e9rieurs soign\u00e9s et accueillants tout au long de l&rsquo;ann\u00e9e. Nos services Tonte de pelouse : Pour un gazon toujours [&hellip;]<\/p>\n","protected":false},"author":1,"featured_media":0,"parent":0,"menu_order":0,"comment_status":"closed","ping_status":"closed","template":"","meta":{"footnotes":""},"class_list":["post-91","page","type-page","status-publish","hentry"],"yoast_head":"<!-- This site is optimized with the Yoast SEO plugin v27.4 - https:\/\/yoast.com\/product\/yoast-seo-wordpress\/ -->\n<title>Prestataire entretien espaces verts - Group FLF<\/title>\n<meta name=\"robots\" content=\"index, follow, max-snippet:-1, max-image-preview:large, max-video-preview:-1\" \/>\n<link rel=\"canonical\" href=\"https:\/\/fast-track.epsi-wis.ovh\/fady\/prestataire-entretien-espaces-verts\/\" \/>\n<meta property=\"og:locale\" content=\"fr_FR\" \/>\n<meta property=\"og:type\" content=\"article\" \/>\n<meta property=\"og:title\" content=\"Prestataire entretien espaces verts - Group FLF\" \/>\n<meta property=\"og:description\" content=\"Votre expert en entretien d&rsquo;espaces verts \u00e0 Paris et en \u00cele-de-France Introduction: Confiez l&rsquo;entretien de vos espaces verts \u00e0 une \u00e9quipe de professionnels passionn\u00e9s. Nous intervenons aupr\u00e8s des particuliers, entreprises et collectivit\u00e9s pour garantir des espaces ext\u00e9rieurs soign\u00e9s et accueillants tout au long de l&rsquo;ann\u00e9e. Nos services Tonte de pelouse : Pour un gazon toujours [&hellip;]\" \/>\n<meta property=\"og:url\" content=\"https:\/\/fast-track.epsi-wis.ovh\/fady\/prestataire-entretien-espaces-verts\/\" \/>\n<meta property=\"og:site_name\" content=\"Group FLF\" \/>\n<meta property=\"article:modified_time\" content=\"2025-05-16T19:05:16+00:00\" \/>\n<meta property=\"og:image\" content=\"https:\/\/fast-track.epsi-wis.ovh\/fady\/wp-content\/uploads\/2025\/05\/26-1-168x300.jpg\" \/>\n<meta name=\"twitter:card\" content=\"summary_large_image\" \/>\n<meta name=\"twitter:label1\" content=\"Dur\u00e9e de lecture estim\u00e9e\" \/>\n\t<meta name=\"twitter:data1\" content=\"2 minutes\" \/>\n<script type=\"application\/ld+json\" class=\"yoast-schema-graph\">{\"@context\":\"https:\\\/\\\/schema.org\",\"@graph\":[{\"@type\":\"WebPage\",\"@id\":\"https:\\\/\\\/fast-track.epsi-wis.ovh\\\/fady\\\/prestataire-entretien-espaces-verts\\\/\",\"url\":\"https:\\\/\\\/fast-track.epsi-wis.ovh\\\/fady\\\/prestataire-entretien-espaces-verts\\\/\",\"name\":\"Prestataire entretien espaces verts - Group FLF\",\"isPartOf\":{\"@id\":\"https:\\\/\\\/fast-track.epsi-wis.ovh\\\/fady\\\/#website\"},\"primaryImageOfPage\":{\"@id\":\"https:\\\/\\\/fast-track.epsi-wis.ovh\\\/fady\\\/prestataire-entretien-espaces-verts\\\/#primaryimage\"},\"image\":{\"@id\":\"https:\\\/\\\/fast-track.epsi-wis.ovh\\\/fady\\\/prestataire-entretien-espaces-verts\\\/#primaryimage\"},\"thumbnailUrl\":\"https:\\\/\\\/fast-track.epsi-wis.ovh\\\/fady\\\/wp-content\\\/uploads\\\/2025\\\/05\\\/26-1-168x300.jpg\",\"datePublished\":\"2025-05-15T11:50:37+00:00\",\"dateModified\":\"2025-05-16T19:05:16+00:00\",\"breadcrumb\":{\"@id\":\"https:\\\/\\\/fast-track.epsi-wis.ovh\\\/fady\\\/prestataire-entretien-espaces-verts\\\/#breadcrumb\"},\"inLanguage\":\"fr-FR\",\"potentialAction\":[{\"@type\":\"ReadAction\",\"target\":[\"https:\\\/\\\/fast-track.epsi-wis.ovh\\\/fady\\\/prestataire-entretien-espaces-verts\\\/\"]}]},{\"@type\":\"ImageObject\",\"inLanguage\":\"fr-FR\",\"@id\":\"https:\\\/\\\/fast-track.epsi-wis.ovh\\\/fady\\\/prestataire-entretien-espaces-verts\\\/#primaryimage\",\"url\":\"https:\\\/\\\/fast-track.epsi-wis.ovh\\\/fady\\\/wp-content\\\/uploads\\\/2025\\\/05\\\/26-1.jpg\",\"contentUrl\":\"https:\\\/\\\/fast-track.epsi-wis.ovh\\\/fady\\\/wp-content\\\/uploads\\\/2025\\\/05\\\/26-1.jpg\",\"width\":736,\"height\":1311,\"caption\":\"jardin magnifique\"},{\"@type\":\"BreadcrumbList\",\"@id\":\"https:\\\/\\\/fast-track.epsi-wis.ovh\\\/fady\\\/prestataire-entretien-espaces-verts\\\/#breadcrumb\",\"itemListElement\":[{\"@type\":\"ListItem\",\"position\":1,\"name\":\"Accueil\",\"item\":\"https:\\\/\\\/fast-track.epsi-wis.ovh\\\/fady\\\/\"},{\"@type\":\"ListItem\",\"position\":2,\"name\":\"Prestataire entretien espaces verts\"}]},{\"@type\":\"WebSite\",\"@id\":\"https:\\\/\\\/fast-track.epsi-wis.ovh\\\/fady\\\/#website\",\"url\":\"https:\\\/\\\/fast-track.epsi-wis.ovh\\\/fady\\\/\",\"name\":\"Group FLF\",\"description\":\"\",\"publisher\":{\"@id\":\"https:\\\/\\\/fast-track.epsi-wis.ovh\\\/fady\\\/#organization\"},\"potentialAction\":[{\"@type\":\"SearchAction\",\"target\":{\"@type\":\"EntryPoint\",\"urlTemplate\":\"https:\\\/\\\/fast-track.epsi-wis.ovh\\\/fady\\\/?s={search_term_string}\"},\"query-input\":{\"@type\":\"PropertyValueSpecification\",\"valueRequired\":true,\"valueName\":\"search_term_string\"}}],\"inLanguage\":\"fr-FR\"},{\"@type\":\"Organization\",\"@id\":\"https:\\\/\\\/fast-track.epsi-wis.ovh\\\/fady\\\/#organization\",\"name\":\"Group FLF\",\"url\":\"https:\\\/\\\/fast-track.epsi-wis.ovh\\\/fady\\\/\",\"logo\":{\"@type\":\"ImageObject\",\"inLanguage\":\"fr-FR\",\"@id\":\"https:\\\/\\\/fast-track.epsi-wis.ovh\\\/fady\\\/#\\\/schema\\\/logo\\\/image\\\/\",\"url\":\"https:\\\/\\\/fast-track.epsi-wis.ovh\\\/fady\\\/wp-content\\\/uploads\\\/2025\\\/05\\\/logo.jpg\",\"contentUrl\":\"https:\\\/\\\/fast-track.epsi-wis.ovh\\\/fady\\\/wp-content\\\/uploads\\\/2025\\\/05\\\/logo.jpg\",\"width\":1920,\"height\":1920,\"caption\":\"Group FLF\"},\"image\":{\"@id\":\"https:\\\/\\\/fast-track.epsi-wis.ovh\\\/fady\\\/#\\\/schema\\\/logo\\\/image\\\/\"}}]}<\/script>\n<!-- \/ Yoast SEO plugin. -->","yoast_head_json":{"title":"Prestataire entretien espaces verts - Group FLF","robots":{"index":"index","follow":"follow","max-snippet":"max-snippet:-1","max-image-preview":"max-image-preview:large","max-video-preview":"max-video-preview:-1"},"canonical":"https:\/\/fast-track.epsi-wis.ovh\/fady\/prestataire-entretien-espaces-verts\/","og_locale":"fr_FR","og_type":"article","og_title":"Prestataire entretien espaces verts - Group FLF","og_description":"Votre expert en entretien d&rsquo;espaces verts \u00e0 Paris et en \u00cele-de-France Introduction: Confiez l&rsquo;entretien de vos espaces verts \u00e0 une \u00e9quipe de professionnels passionn\u00e9s. Nous intervenons aupr\u00e8s des particuliers, entreprises et collectivit\u00e9s pour garantir des espaces ext\u00e9rieurs soign\u00e9s et accueillants tout au long de l&rsquo;ann\u00e9e. Nos services Tonte de pelouse : Pour un gazon toujours [&hellip;]","og_url":"https:\/\/fast-track.epsi-wis.ovh\/fady\/prestataire-entretien-espaces-verts\/","og_site_name":"Group FLF","article_modified_time":"2025-05-16T19:05:16+00:00","og_image":[{"url":"https:\/\/fast-track.epsi-wis.ovh\/fady\/wp-content\/uploads\/2025\/05\/26-1-168x300.jpg","type":"","width":"","height":""}],"twitter_card":"summary_large_image","twitter_misc":{"Dur\u00e9e de lecture estim\u00e9e":"2 minutes"},"schema":{"@context":"https:\/\/schema.org","@graph":[{"@type":"WebPage","@id":"https:\/\/fast-track.epsi-wis.ovh\/fady\/prestataire-entretien-espaces-verts\/","url":"https:\/\/fast-track.epsi-wis.ovh\/fady\/prestataire-entretien-espaces-verts\/","name":"Prestataire entretien espaces verts - Group FLF","isPartOf":{"@id":"https:\/\/fast-track.epsi-wis.ovh\/fady\/#website"},"primaryImageOfPage":{"@id":"https:\/\/fast-track.epsi-wis.ovh\/fady\/prestataire-entretien-espaces-verts\/#primaryimage"},"image":{"@id":"https:\/\/fast-track.epsi-wis.ovh\/fady\/prestataire-entretien-espaces-verts\/#primaryimage"},"thumbnailUrl":"https:\/\/fast-track.epsi-wis.ovh\/fady\/wp-content\/uploads\/2025\/05\/26-1-168x300.jpg","datePublished":"2025-05-15T11:50:37+00:00","dateModified":"2025-05-16T19:05:16+00:00","breadcrumb":{"@id":"https:\/\/fast-track.epsi-wis.ovh\/fady\/prestataire-entretien-espaces-verts\/#breadcrumb"},"inLanguage":"fr-FR","potentialAction":[{"@type":"ReadAction","target":["https:\/\/fast-track.epsi-wis.ovh\/fady\/prestataire-entretien-espaces-verts\/"]}]},{"@type":"ImageObject","inLanguage":"fr-FR","@id":"https:\/\/fast-track.epsi-wis.ovh\/fady\/prestataire-entretien-espaces-verts\/#primaryimage","url":"https:\/\/fast-track.epsi-wis.ovh\/fady\/wp-content\/uploads\/2025\/05\/26-1.jpg","contentUrl":"https:\/\/fast-track.epsi-wis.ovh\/fady\/wp-content\/uploads\/2025\/05\/26-1.jpg","width":736,"height":1311,"caption":"jardin magnifique"},{"@type":"BreadcrumbList","@id":"https:\/\/fast-track.epsi-wis.ovh\/fady\/prestataire-entretien-espaces-verts\/#breadcrumb","itemListElement":[{"@type":"ListItem","position":1,"name":"Accueil","item":"https:\/\/fast-track.epsi-wis.ovh\/fady\/"},{"@type":"ListItem","position":2,"name":"Prestataire entretien espaces verts"}]},{"@type":"WebSite","@id":"https:\/\/fast-track.epsi-wis.ovh\/fady\/#website","url":"https:\/\/fast-track.epsi-wis.ovh\/fady\/","name":"Group FLF","description":"","publisher":{"@id":"https:\/\/fast-track.epsi-wis.ovh\/fady\/#organization"},"potentialAction":[{"@type":"SearchAction","target":{"@type":"EntryPoint","urlTemplate":"https:\/\/fast-track.epsi-wis.ovh\/fady\/?s={search_term_string}"},"query-input":{"@type":"PropertyValueSpecification","valueRequired":true,"valueName":"search_term_string"}}],"inLanguage":"fr-FR"},{"@type":"Organization","@id":"https:\/\/fast-track.epsi-wis.ovh\/fady\/#organization","name":"Group FLF","url":"https:\/\/fast-track.epsi-wis.ovh\/fady\/","logo":{"@type":"ImageObject","inLanguage":"fr-FR","@id":"https:\/\/fast-track.epsi-wis.ovh\/fady\/#\/schema\/logo\/image\/","url":"https:\/\/fast-track.epsi-wis.ovh\/fady\/wp-content\/uploads\/2025\/05\/logo.jpg","contentUrl":"https:\/\/fast-track.epsi-wis.ovh\/fady\/wp-content\/uploads\/2025\/05\/logo.jpg","width":1920,"height":1920,"caption":"Group FLF"},"image":{"@id":"https:\/\/fast-track.epsi-wis.ovh\/fady\/#\/schema\/logo\/image\/"}}]}},"_links":{"self":[{"href":"https:\/\/fast-track.epsi-wis.ovh\/fady\/wp-json\/wp\/v2\/pages\/91","targetHints":{"allow":["GET"]}}],"collection":[{"href":"https:\/\/fast-track.epsi-wis.ovh\/fady\/wp-json\/wp\/v2\/pages"}],"about":[{"href":"https:\/\/fast-track.epsi-wis.ovh\/fady\/wp-json\/wp\/v2\/types\/page"}],"author":[{"embeddable":true,"href":"https:\/\/fast-track.epsi-wis.ovh\/fady\/wp-json\/wp\/v2\/users\/1"}],"replies":[{"embeddable":true,"href":"https:\/\/fast-track.epsi-wis.ovh\/fady\/wp-json\/wp\/v2\/comments?post=91"}],"version-history":[{"count":14,"href":"https:\/\/fast-track.epsi-wis.ovh\/fady\/wp-json\/wp\/v2\/pages\/91\/revisions"}],"predecessor-version":[{"id":157,"href":"https:\/\/fast-track.epsi-wis.ovh\/fady\/wp-json\/wp\/v2\/pages\/91\/revisions\/157"}],"wp:attachment":[{"href":"https:\/\/fast-track.epsi-wis.ovh\/fady\/wp-json\/wp\/v2\/media?parent=91"}],"curies":[{"name":"wp","href":"https:\/\/api.w.org\/{rel}","templated":true}]}}