{"id":23,"date":"2025-04-23T17:56:59","date_gmt":"2025-04-23T15:56:59","guid":{"rendered":"https:\/\/fast-track.epsi-wis.ovh\/isham\/?page_id=23"},"modified":"2025-05-25T19:56:07","modified_gmt":"2025-05-25T17:56:07","slug":"unmei","status":"publish","type":"page","link":"https:\/\/fast-track.epsi-wis.ovh\/isham\/unmei\/","title":{"rendered":"UNMEI"},"content":{"rendered":"\n<p><\/p>\n\n\n\n<div class=\"wp-block-cover is-light\"><span aria-hidden=\"true\" class=\"wp-block-cover__background has-light-green-cyan-background-color has-background-dim-100 has-background-dim\"><\/span><div class=\"wp-block-cover__inner-container is-layout-constrained wp-block-cover-is-layout-constrained\">\n<p class=\"has-text-align-center has-white-color has-text-color has-link-color has-huge-font-size wp-elements-84d9b32315194060ed2c9edd670ef0b2\">Le soin au naturel<\/p>\n\n\n<div class=\"wp-block-image\">\n<figure class=\"aligncenter size-full\"><img decoding=\"async\" width=\"166\" height=\"121\" src=\"https:\/\/fast-track.epsi-wis.ovh\/isham\/wp-content\/uploads\/2025\/05\/unmei-logo-1.png\" alt=\"\" class=\"wp-image-104\"\/><\/figure>\n<\/div><\/div><\/div>\n\n\n\n<hr class=\"wp-block-separator has-alpha-channel-opacity is-style-wide\"\/>\n\n\n<div class=\"wp-block-image\">\n<figure class=\"aligncenter size-full\"><img fetchpriority=\"high\" decoding=\"async\" width=\"888\" height=\"445\" src=\"https:\/\/fast-track.epsi-wis.ovh\/isham\/wp-content\/uploads\/2025\/05\/t-2.png\" alt=\"\" class=\"wp-image-106\" srcset=\"https:\/\/fast-track.epsi-wis.ovh\/isham\/wp-content\/uploads\/2025\/05\/t-2.png 888w, https:\/\/fast-track.epsi-wis.ovh\/isham\/wp-content\/uploads\/2025\/05\/t-2-599x300.png 599w, https:\/\/fast-track.epsi-wis.ovh\/isham\/wp-content\/uploads\/2025\/05\/t-2-768x385.png 768w\" sizes=\"(max-width: 888px) 100vw, 888px\" \/><\/figure>\n<\/div>\n\n\n<h2 class=\"wp-block-heading alignfull has-text-align-center has-vivid-green-cyan-color has-text-color has-link-color wp-elements-d8178334db965619798b53e22d416acd\">Nos coffrets 100% bien-\u00eatre<\/h2>\n\n\n\n<p class=\"has-text-align-center has-light-green-cyan-color has-text-color has-link-color wp-elements-d3e57344948ad83dc80b7b86032d99b9\">Envie d\u2019offrir un cadeau qui sorte de l\u2019ordinaire ?<br>Envie de faire plaisir \u00e0 un prix raisonnable ?<br>Envie de faire une pause dans un monde o\u00f9 tout va trop vite ?<br>Envie de vous faire un cadeau juste pour vous ?<\/p>\n\n\n\n<p class=\"has-text-align-center has-light-green-cyan-color has-text-color has-link-color wp-elements-5c1f274f5f3f24cd2f67b60ce80adc61\">D\u00e9couvrez nos coffrets 100% bien-\u00eatre.<br>Vous trouverez dans nos coffrets des th\u00e9s et infusions, des accessoires de massage, des bracelets porte-bonheur ou encore des baumes, des savons ou des bougies de massage.&nbsp;<\/p>\n\n\n\n<div class=\"wp-block-buttons is-content-justification-center is-layout-flex wp-container-core-buttons-is-layout-16018d1d wp-block-buttons-is-layout-flex\">\n<div class=\"wp-block-button has-custom-width wp-block-button__width-50\"><a class=\"wp-block-button__link has-light-green-cyan-background-color has-background has-small-font-size has-custom-font-size wp-element-button\" href=\"https:\/\/www.unmei.fr\/\">Id\u00e9es de cadeaux<\/a><\/div>\n<\/div>\n\n\n\n<div style=\"height:100px\" aria-hidden=\"true\" class=\"wp-block-spacer\"><\/div>\n\n\n\n<div class=\"wp-block-media-text is-stacked-on-mobile\"><figure class=\"wp-block-media-text__media\"><img decoding=\"async\" width=\"889\" height=\"448\" src=\"https:\/\/fast-track.epsi-wis.ovh\/isham\/wp-content\/uploads\/2025\/05\/jsss-1.png\" alt=\"\" class=\"wp-image-108 size-full\" srcset=\"https:\/\/fast-track.epsi-wis.ovh\/isham\/wp-content\/uploads\/2025\/05\/jsss-1.png 889w, https:\/\/fast-track.epsi-wis.ovh\/isham\/wp-content\/uploads\/2025\/05\/jsss-1-595x300.png 595w, https:\/\/fast-track.epsi-wis.ovh\/isham\/wp-content\/uploads\/2025\/05\/jsss-1-768x387.png 768w\" sizes=\"(max-width: 889px) 100vw, 889px\" \/><\/figure><div class=\"wp-block-media-text__content\">\n<p class=\"has-vivid-green-cyan-color has-text-color has-link-color wp-elements-919363f1572f5e580c49ccfb3b1ce270\"><strong>Trouvez l&rsquo;accessoire de massage fait pour vous<\/strong><\/p>\n\n\n\n<p class=\"has-light-green-cyan-color has-text-color has-link-color wp-elements-4f265a681b6863a2594c0cdda0bf22bc\">Plongez dans un monde de d\u00e9tente absolue gr\u00e2ce \u00e0 nos accessoires de massage en bois exotique ou en pierre naturelle, con\u00e7us pour propulser votre routine bien-\u00eatre \u00e0 un niveau sup\u00e9rieur de relaxation et de revitalisation<\/p>\n<\/div><\/div>\n\n\n\n<div style=\"height:106px\" aria-hidden=\"true\" class=\"wp-block-spacer\"><\/div>\n\n\n\n<figure class=\"wp-block-gallery has-nested-images columns-default is-cropped wp-block-gallery-1 is-layout-flex wp-block-gallery-is-layout-flex\">\n<figure class=\"wp-block-image size-large\"><img loading=\"lazy\" decoding=\"async\" width=\"271\" height=\"266\" data-id=\"110\" src=\"https:\/\/fast-track.epsi-wis.ovh\/isham\/wp-content\/uploads\/2025\/05\/uuuu-1.png\" alt=\"\" class=\"wp-image-110\"\/><\/figure>\n\n\n\n<figure class=\"wp-block-image size-large\"><img loading=\"lazy\" decoding=\"async\" width=\"284\" height=\"276\" data-id=\"111\" src=\"https:\/\/fast-track.epsi-wis.ovh\/isham\/wp-content\/uploads\/2025\/05\/cdcdcdcdcdcd.png\" alt=\"\" class=\"wp-image-111\"\/><\/figure>\n\n\n\n<figure class=\"wp-block-image size-large\"><img loading=\"lazy\" decoding=\"async\" width=\"277\" height=\"280\" data-id=\"112\" src=\"https:\/\/fast-track.epsi-wis.ovh\/isham\/wp-content\/uploads\/2025\/05\/cdcdcd.png\" alt=\"\" class=\"wp-image-112\"\/><\/figure>\n<\/figure>\n\n\n<ol class=\"has-avatars has-dates has-excerpts wp-block-latest-comments\"><li class=\"wp-block-latest-comments__comment\"><img alt='Avatar for kaiser' title='Gravatar for kaiser' src='https:\/\/secure.gravatar.com\/avatar\/8e1606e6fba450a9362af43874c1b2dfad34c782e33d0a51e1b46c18a2a567dd?s=48&#038;d=mm&#038;r=g' srcset='https:\/\/secure.gravatar.com\/avatar\/8e1606e6fba450a9362af43874c1b2dfad34c782e33d0a51e1b46c18a2a567dd?s=96&#038;d=mm&#038;r=g 2x' class='avatar avatar-48 photo wp-block-latest-comments__comment-avatar' height='48' width='48' \/><article><footer class=\"wp-block-latest-comments__comment-meta\"><a class=\"wp-block-latest-comments__comment-author\" href=\"https:\/\/fr.wordpress.org\/\">Un commentateur ou commentatrice WordPress<\/a> sur <a class=\"wp-block-latest-comments__comment-link\" href=\"https:\/\/fast-track.epsi-wis.ovh\/isham\/bonjour-tout-le-monde\/#comment-1\">Bonjour tout le monde\u00a0!<\/a><time datetime=\"2025-04-09T10:18:57+02:00\" class=\"wp-block-latest-comments__comment-date\">9 avril 2025<\/time><\/footer><div class=\"wp-block-latest-comments__comment-excerpt\"><p>Bonjour, ceci est un commentaire. Pour d\u00e9buter avec la mod\u00e9ration, la modification et la suppression de commentaires, veuillez visiter l\u2019\u00e9cran&hellip;<\/p>\n<\/div><\/article><\/li><\/ol>\n\n\n<hr class=\"wp-block-separator alignwide has-alpha-channel-opacity is-style-wide\"\/>\n\n\n\n<div class=\"wp-block-media-text is-stacked-on-mobile is-vertically-aligned-center\"><figure class=\"wp-block-media-text__media\"><img loading=\"lazy\" decoding=\"async\" width=\"411\" height=\"380\" src=\"https:\/\/fast-track.epsi-wis.ovh\/isham\/wp-content\/uploads\/2025\/05\/oooo.png\" alt=\"\" class=\"wp-image-124 size-full\" srcset=\"https:\/\/fast-track.epsi-wis.ovh\/isham\/wp-content\/uploads\/2025\/05\/oooo.png 411w, https:\/\/fast-track.epsi-wis.ovh\/isham\/wp-content\/uploads\/2025\/05\/oooo-324x300.png 324w\" sizes=\"(max-width: 411px) 100vw, 411px\" \/><\/figure><div class=\"wp-block-media-text__content\">\n<p class=\"has-vivid-green-cyan-color has-text-color has-link-color wp-elements-77a2368744d3b40e6fafe64b99f41f6c\"><strong>L\u2019essentiel du drainage lymphatique<\/strong><\/p>\n\n\n\n<p class=\"has-vivid-green-cyan-color has-text-color has-link-color wp-elements-ab768d93c8fdbdf21fba6cdaab0a4295\">Offrez \u00e0 votre corps un moment de l\u00e9g\u00e8ret\u00e9 et de revitalisation avec\u00a0L\u2019essentiel du<strong> <\/strong>drainage lymphatique, un coffret soigneusement con\u00e7u pour stimuler la circulation et favoriser l\u2019\u00e9limination des toxines de mani\u00e8re naturelle.<\/p>\n\n\n\n<p class=\"has-text-align-center\">39,90&nbsp;\u20ac<\/p>\n<\/div><\/div>\n\n\n\n<div class=\"wp-block-buttons is-content-justification-right is-layout-flex wp-container-core-buttons-is-layout-765c4724 wp-block-buttons-is-layout-flex\">\n<div class=\"wp-block-button is-style-outline is-style-outline--2\"><a class=\"wp-block-button__link has-light-green-cyan-color has-text-color has-link-color has-small-font-size has-custom-font-size wp-element-button\">Achat<\/a><\/div>\n<\/div>\n\n\n\n<div class=\"wp-block-media-text is-stacked-on-mobile\"><figure class=\"wp-block-media-text__media\"><img loading=\"lazy\" decoding=\"async\" width=\"386\" height=\"344\" src=\"https:\/\/fast-track.epsi-wis.ovh\/isham\/wp-content\/uploads\/2025\/05\/jrcbhkerj.png\" alt=\"\" class=\"wp-image-125 size-full\" srcset=\"https:\/\/fast-track.epsi-wis.ovh\/isham\/wp-content\/uploads\/2025\/05\/jrcbhkerj.png 386w, https:\/\/fast-track.epsi-wis.ovh\/isham\/wp-content\/uploads\/2025\/05\/jrcbhkerj-337x300.png 337w\" sizes=\"(max-width: 386px) 100vw, 386px\" \/><\/figure><div class=\"wp-block-media-text__content\">\n<p class=\"has-light-green-cyan-color has-text-color has-link-color wp-elements-5b6a4cee7bad03f705ab67cd4ca063f0\"><strong>Roll on en pierre de jade \u2013 Vert<\/strong><\/p>\n\n\n\n<p class=\"has-light-green-cyan-color has-text-color has-link-color wp-elements-6cfbb669322264c1b5a3fadf3c09d531\">Le\u00a0roll on en jade vert\u00a0est un accessoire de beaut\u00e9 traditionnel utilis\u00e9 depuis des si\u00e8cles dans les rituels asiatiques pour ses vertus apaisantes et \u00e9nergisantes. Fabriqu\u00e9 \u00e0 partir de pierre de jade naturelle, il est reconnu pour ses propri\u00e9t\u00e9s \u00e9quilibrantes et rafra\u00eechissantes<\/p>\n\n\n\n<p class=\"has-text-align-center\">9,90&nbsp;\u20ac<\/p>\n<\/div><\/div>\n\n\n\n<div class=\"wp-block-buttons is-content-justification-right is-layout-flex wp-container-core-buttons-is-layout-765c4724 wp-block-buttons-is-layout-flex\">\n<div class=\"wp-block-button is-style-outline is-style-outline--3\"><a class=\"wp-block-button__link has-light-green-cyan-color has-text-color has-link-color has-small-font-size has-custom-font-size wp-element-button\" href=\"https:\/\/www.unmei.fr\/\">Achat<\/a><\/div>\n<\/div>\n\n\n\n<p><\/p>\n","protected":false},"excerpt":{"rendered":"<p>Nos coffrets 100% bien-\u00eatre Envie d\u2019offrir un cadeau qui sorte de l\u2019ordinaire ?Envie de faire plaisir \u00e0 un prix raisonnable ?Envie de faire une pause dans un monde o\u00f9 tout va trop vite ?Envie de vous faire un cadeau juste pour vous ? D\u00e9couvrez nos coffrets 100% bien-\u00eatre.Vous trouverez dans nos coffrets des th\u00e9s et [&hellip;]<\/p>\n","protected":false},"author":1,"featured_media":0,"parent":0,"menu_order":0,"comment_status":"closed","ping_status":"closed","template":"","meta":{"footnotes":""},"class_list":["post-23","page","type-page","status-publish","hentry"],"yoast_head":"<!-- This site is optimized with the Yoast SEO plugin v27.4 - https:\/\/yoast.com\/product\/yoast-seo-wordpress\/ -->\n<title>UNMEI - Paris la D\u00e9fense<\/title>\n<meta name=\"robots\" content=\"index, follow, max-snippet:-1, max-image-preview:large, max-video-preview:-1\" \/>\n<link rel=\"canonical\" href=\"https:\/\/fast-track.epsi-wis.ovh\/isham\/unmei\/\" \/>\n<meta property=\"og:locale\" content=\"fr_FR\" \/>\n<meta property=\"og:type\" content=\"article\" \/>\n<meta property=\"og:title\" content=\"UNMEI - Paris la D\u00e9fense\" \/>\n<meta property=\"og:description\" content=\"Nos coffrets 100% bien-\u00eatre Envie d\u2019offrir un cadeau qui sorte de l\u2019ordinaire ?Envie de faire plaisir \u00e0 un prix raisonnable ?Envie de faire une pause dans un monde o\u00f9 tout va trop vite ?Envie de vous faire un cadeau juste pour vous ? D\u00e9couvrez nos coffrets 100% bien-\u00eatre.Vous trouverez dans nos coffrets des th\u00e9s et [&hellip;]\" \/>\n<meta property=\"og:url\" content=\"https:\/\/fast-track.epsi-wis.ovh\/isham\/unmei\/\" \/>\n<meta property=\"og:site_name\" content=\"Neo Egoist League.\" \/>\n<meta property=\"article:modified_time\" content=\"2025-05-25T17:56:07+00:00\" \/>\n<meta property=\"og:image\" content=\"https:\/\/fast-track.epsi-wis.ovh\/isham\/wp-content\/uploads\/2025\/05\/unmei-logo-1.png\" \/>\n\t<meta property=\"og:image:width\" content=\"166\" \/>\n\t<meta property=\"og:image:height\" content=\"121\" \/>\n\t<meta property=\"og:image:type\" content=\"image\/png\" \/>\n<meta name=\"twitter:card\" content=\"summary_large_image\" \/>\n<meta name=\"twitter:label1\" content=\"Dur\u00e9e de lecture estim\u00e9e\" \/>\n\t<meta name=\"twitter:data1\" content=\"3 minutes\" \/>\n<script type=\"application\/ld+json\" class=\"yoast-schema-graph\">{\"@context\":\"https:\\\/\\\/schema.org\",\"@graph\":[{\"@type\":\"WebPage\",\"@id\":\"https:\\\/\\\/fast-track.epsi-wis.ovh\\\/isham\\\/unmei\\\/\",\"url\":\"https:\\\/\\\/fast-track.epsi-wis.ovh\\\/isham\\\/unmei\\\/\",\"name\":\"UNMEI - Paris la D\u00e9fense\",\"isPartOf\":{\"@id\":\"https:\\\/\\\/fast-track.epsi-wis.ovh\\\/isham\\\/#website\"},\"primaryImageOfPage\":{\"@id\":\"https:\\\/\\\/fast-track.epsi-wis.ovh\\\/isham\\\/unmei\\\/#primaryimage\"},\"image\":{\"@id\":\"https:\\\/\\\/fast-track.epsi-wis.ovh\\\/isham\\\/unmei\\\/#primaryimage\"},\"thumbnailUrl\":\"https:\\\/\\\/fast-track.epsi-wis.ovh\\\/isham\\\/wp-content\\\/uploads\\\/2025\\\/05\\\/unmei-logo-1.png\",\"datePublished\":\"2025-04-23T15:56:59+00:00\",\"dateModified\":\"2025-05-25T17:56:07+00:00\",\"breadcrumb\":{\"@id\":\"https:\\\/\\\/fast-track.epsi-wis.ovh\\\/isham\\\/unmei\\\/#breadcrumb\"},\"inLanguage\":\"fr-FR\",\"potentialAction\":[{\"@type\":\"ReadAction\",\"target\":[\"https:\\\/\\\/fast-track.epsi-wis.ovh\\\/isham\\\/unmei\\\/\"]}]},{\"@type\":\"ImageObject\",\"inLanguage\":\"fr-FR\",\"@id\":\"https:\\\/\\\/fast-track.epsi-wis.ovh\\\/isham\\\/unmei\\\/#primaryimage\",\"url\":\"https:\\\/\\\/fast-track.epsi-wis.ovh\\\/isham\\\/wp-content\\\/uploads\\\/2025\\\/05\\\/unmei-logo-1.png\",\"contentUrl\":\"https:\\\/\\\/fast-track.epsi-wis.ovh\\\/isham\\\/wp-content\\\/uploads\\\/2025\\\/05\\\/unmei-logo-1.png\",\"width\":166,\"height\":121},{\"@type\":\"BreadcrumbList\",\"@id\":\"https:\\\/\\\/fast-track.epsi-wis.ovh\\\/isham\\\/unmei\\\/#breadcrumb\",\"itemListElement\":[{\"@type\":\"ListItem\",\"position\":1,\"name\":\"Accueil\",\"item\":\"https:\\\/\\\/fast-track.epsi-wis.ovh\\\/isham\\\/\"},{\"@type\":\"ListItem\",\"position\":2,\"name\":\"UNMEI\"}]},{\"@type\":\"WebSite\",\"@id\":\"https:\\\/\\\/fast-track.epsi-wis.ovh\\\/isham\\\/#website\",\"url\":\"https:\\\/\\\/fast-track.epsi-wis.ovh\\\/isham\\\/\",\"name\":\"Neo Egoist League.\",\"description\":\"\",\"publisher\":{\"@id\":\"https:\\\/\\\/fast-track.epsi-wis.ovh\\\/isham\\\/#organization\"},\"potentialAction\":[{\"@type\":\"SearchAction\",\"target\":{\"@type\":\"EntryPoint\",\"urlTemplate\":\"https:\\\/\\\/fast-track.epsi-wis.ovh\\\/isham\\\/?s={search_term_string}\"},\"query-input\":{\"@type\":\"PropertyValueSpecification\",\"valueRequired\":true,\"valueName\":\"search_term_string\"}}],\"inLanguage\":\"fr-FR\"},{\"@type\":\"Organization\",\"@id\":\"https:\\\/\\\/fast-track.epsi-wis.ovh\\\/isham\\\/#organization\",\"name\":\"Neo Egoist League.\",\"url\":\"https:\\\/\\\/fast-track.epsi-wis.ovh\\\/isham\\\/\",\"logo\":{\"@type\":\"ImageObject\",\"inLanguage\":\"fr-FR\",\"@id\":\"https:\\\/\\\/fast-track.epsi-wis.ovh\\\/isham\\\/#\\\/schema\\\/logo\\\/image\\\/\",\"url\":\"https:\\\/\\\/fast-track.epsi-wis.ovh\\\/isham\\\/wp-content\\\/uploads\\\/2025\\\/05\\\/prototype-n1.jpg\",\"contentUrl\":\"https:\\\/\\\/fast-track.epsi-wis.ovh\\\/isham\\\/wp-content\\\/uploads\\\/2025\\\/05\\\/prototype-n1.jpg\",\"width\":1024,\"height\":1024,\"caption\":\"Neo Egoist League.\"},\"image\":{\"@id\":\"https:\\\/\\\/fast-track.epsi-wis.ovh\\\/isham\\\/#\\\/schema\\\/logo\\\/image\\\/\"}}]}<\/script>\n<!-- \/ Yoast SEO plugin. -->","yoast_head_json":{"title":"UNMEI - Paris la D\u00e9fense","robots":{"index":"index","follow":"follow","max-snippet":"max-snippet:-1","max-image-preview":"max-image-preview:large","max-video-preview":"max-video-preview:-1"},"canonical":"https:\/\/fast-track.epsi-wis.ovh\/isham\/unmei\/","og_locale":"fr_FR","og_type":"article","og_title":"UNMEI - Paris la D\u00e9fense","og_description":"Nos coffrets 100% bien-\u00eatre Envie d\u2019offrir un cadeau qui sorte de l\u2019ordinaire ?Envie de faire plaisir \u00e0 un prix raisonnable ?Envie de faire une pause dans un monde o\u00f9 tout va trop vite ?Envie de vous faire un cadeau juste pour vous ? D\u00e9couvrez nos coffrets 100% bien-\u00eatre.Vous trouverez dans nos coffrets des th\u00e9s et [&hellip;]","og_url":"https:\/\/fast-track.epsi-wis.ovh\/isham\/unmei\/","og_site_name":"Neo Egoist League.","article_modified_time":"2025-05-25T17:56:07+00:00","og_image":[{"width":166,"height":121,"url":"https:\/\/fast-track.epsi-wis.ovh\/isham\/wp-content\/uploads\/2025\/05\/unmei-logo-1.png","type":"image\/png"}],"twitter_card":"summary_large_image","twitter_misc":{"Dur\u00e9e de lecture estim\u00e9e":"3 minutes"},"schema":{"@context":"https:\/\/schema.org","@graph":[{"@type":"WebPage","@id":"https:\/\/fast-track.epsi-wis.ovh\/isham\/unmei\/","url":"https:\/\/fast-track.epsi-wis.ovh\/isham\/unmei\/","name":"UNMEI - Paris la D\u00e9fense","isPartOf":{"@id":"https:\/\/fast-track.epsi-wis.ovh\/isham\/#website"},"primaryImageOfPage":{"@id":"https:\/\/fast-track.epsi-wis.ovh\/isham\/unmei\/#primaryimage"},"image":{"@id":"https:\/\/fast-track.epsi-wis.ovh\/isham\/unmei\/#primaryimage"},"thumbnailUrl":"https:\/\/fast-track.epsi-wis.ovh\/isham\/wp-content\/uploads\/2025\/05\/unmei-logo-1.png","datePublished":"2025-04-23T15:56:59+00:00","dateModified":"2025-05-25T17:56:07+00:00","breadcrumb":{"@id":"https:\/\/fast-track.epsi-wis.ovh\/isham\/unmei\/#breadcrumb"},"inLanguage":"fr-FR","potentialAction":[{"@type":"ReadAction","target":["https:\/\/fast-track.epsi-wis.ovh\/isham\/unmei\/"]}]},{"@type":"ImageObject","inLanguage":"fr-FR","@id":"https:\/\/fast-track.epsi-wis.ovh\/isham\/unmei\/#primaryimage","url":"https:\/\/fast-track.epsi-wis.ovh\/isham\/wp-content\/uploads\/2025\/05\/unmei-logo-1.png","contentUrl":"https:\/\/fast-track.epsi-wis.ovh\/isham\/wp-content\/uploads\/2025\/05\/unmei-logo-1.png","width":166,"height":121},{"@type":"BreadcrumbList","@id":"https:\/\/fast-track.epsi-wis.ovh\/isham\/unmei\/#breadcrumb","itemListElement":[{"@type":"ListItem","position":1,"name":"Accueil","item":"https:\/\/fast-track.epsi-wis.ovh\/isham\/"},{"@type":"ListItem","position":2,"name":"UNMEI"}]},{"@type":"WebSite","@id":"https:\/\/fast-track.epsi-wis.ovh\/isham\/#website","url":"https:\/\/fast-track.epsi-wis.ovh\/isham\/","name":"Neo Egoist League.","description":"","publisher":{"@id":"https:\/\/fast-track.epsi-wis.ovh\/isham\/#organization"},"potentialAction":[{"@type":"SearchAction","target":{"@type":"EntryPoint","urlTemplate":"https:\/\/fast-track.epsi-wis.ovh\/isham\/?s={search_term_string}"},"query-input":{"@type":"PropertyValueSpecification","valueRequired":true,"valueName":"search_term_string"}}],"inLanguage":"fr-FR"},{"@type":"Organization","@id":"https:\/\/fast-track.epsi-wis.ovh\/isham\/#organization","name":"Neo Egoist League.","url":"https:\/\/fast-track.epsi-wis.ovh\/isham\/","logo":{"@type":"ImageObject","inLanguage":"fr-FR","@id":"https:\/\/fast-track.epsi-wis.ovh\/isham\/#\/schema\/logo\/image\/","url":"https:\/\/fast-track.epsi-wis.ovh\/isham\/wp-content\/uploads\/2025\/05\/prototype-n1.jpg","contentUrl":"https:\/\/fast-track.epsi-wis.ovh\/isham\/wp-content\/uploads\/2025\/05\/prototype-n1.jpg","width":1024,"height":1024,"caption":"Neo Egoist League."},"image":{"@id":"https:\/\/fast-track.epsi-wis.ovh\/isham\/#\/schema\/logo\/image\/"}}]}},"_links":{"self":[{"href":"https:\/\/fast-track.epsi-wis.ovh\/isham\/wp-json\/wp\/v2\/pages\/23","targetHints":{"allow":["GET"]}}],"collection":[{"href":"https:\/\/fast-track.epsi-wis.ovh\/isham\/wp-json\/wp\/v2\/pages"}],"about":[{"href":"https:\/\/fast-track.epsi-wis.ovh\/isham\/wp-json\/wp\/v2\/types\/page"}],"author":[{"embeddable":true,"href":"https:\/\/fast-track.epsi-wis.ovh\/isham\/wp-json\/wp\/v2\/users\/1"}],"replies":[{"embeddable":true,"href":"https:\/\/fast-track.epsi-wis.ovh\/isham\/wp-json\/wp\/v2\/comments?post=23"}],"version-history":[{"count":15,"href":"https:\/\/fast-track.epsi-wis.ovh\/isham\/wp-json\/wp\/v2\/pages\/23\/revisions"}],"predecessor-version":[{"id":128,"href":"https:\/\/fast-track.epsi-wis.ovh\/isham\/wp-json\/wp\/v2\/pages\/23\/revisions\/128"}],"wp:attachment":[{"href":"https:\/\/fast-track.epsi-wis.ovh\/isham\/wp-json\/wp\/v2\/media?parent=23"}],"curies":[{"name":"wp","href":"https:\/\/api.w.org\/{rel}","templated":true}]}}